).
13
What is the value of 7 + -7 + -6 + 0 - (-17 - -3)?
8
What is 22 - 10 - 7 - (23 + -1)?
-17
What is the value of 14 - (-87 + 92 - (-2 + 18) - -10)?
15
What is the value of (-27 - -27) + -9 - -28?
19
Evaluate 4 + (-1 + 2 + 1 - -4) + -1.
9
What is 6 + 8 + -20 + (12 - 7)?
-1
Calculate -1 + (19 - 52) - (-1 - 12).
-21
Evaluate -202 + 144 + -5 + 31.
-32
Evaluate 3 + 5 + (8 - 11) + (-5 - 24).
-24
Evaluate -12 - -1 - ((3 - 5) + -6).
-3
What is -11 + (14 - 2 - (30 + -33)) + -9?
-5
What is (-2 - (2 + (-14 - 3 - 2))) + -3?
12
Evaluate (15 - 7) + 9 - 15.
2
What is (-1 + 0 - -15) + -18 + 22 + 0?
18
Calculate -138 - -114 - (-1 + 4 + -9).
-18
What is the value of -41 + 59 + 27 - 3?
42
What is 5 + -11 + (5 - (3 + 14 - 4))?
-14
Calculate (6 - (1 - -11)) + 12 + -21.
-15
Calculate 45 - 52 - (-1 - -2 - 0 - 2).
-6
Evaluate -8 - ((17 - 1) + -6).
-18
Calculate (-1 - 7) + (15 - (32 - (-9 + 19))).
-15
10 + -16 + 21 + -30
-15
0 + -4 - (-8 + 9 + -3 + -23)
21
What is the value of (-7 + 5 + 0 - (-1 + 4)) + 8?
3
Calculate -434 - -380 - (4 - 37).
-21
Calculate -2 - (-3 - -2) - (35 + -39) - 24.
-21
Calculate -2 + -16 + 23 + -9 + (24 - 1).
19
2 + -11 - (1 + -4 + 4)
-10
What is the value of 2 + -5 - (-8 + -12) - (-2 - 0)?
19
(6 - (0 + 17)) + 5 + 16 + 5
15
Evaluate 2 + -22 - (-144 + 147).
-23
What is the value of 19 + -2 - ((2 - 2) + 5)?
12
What is (-13 - (-20 + 14)) + (15 + -2 - -2)?
8
Evaluate (-12 + 10 + 23 - 11) + -3.
7
What is the value of -6 + 12 - (9 - 1)?
-2
26 + (-57 + 29 - -14)
12
Calculate 7 + -1 + -14 - (18 - 2).
-24
Evaluate -14 - -14 - (-1 - (3 + -2 - 14)).
-12
-29 - ((-3 - 33) + -8)
15
What is 5 + -6 + (-2 - 3) - (3 + -41)?
32
Evaluate 7 + -8 + 10 + -4.
5
(-1 - (4 + 28)) + -5
-38
Evaluate -2 - (21 + -13) - (-5 + 4).
-9
Evaluate -22 + (3 - (-24 + 4)).
1
Calculate -31 + -14 + 25 - -5.
-15
11 + -11 - 1 - 9
-10
What is (30 - (-19 + 61)) + -1 + 5?
-8
What is 5 + -38 + (34 - 15)?
-14
-6 + (-17 - -29 - 37)
-31
Calculate (6 - 1) + 1 - (-194 - -203).
-3
2 + -15 + -14 + (-5 - (-1 + -12))
-19
Evaluate 15 - 20 - (1 + 0 - 8) - 24.
-22
Calculate 169 - 173 - (-18 - 3).
17
What is the value of 105 - 106 - (2 - -3) - -1?
-5
What is the value of -5 + (6 - 12) + -1 + -14?
-26
Evaluate (26 - 16) + -13 + -1 + 7 + 12.
15
-7 - (1 + 2 + 3 - 3)
-10
What is the value of 2 - ((8 - 8) + 10)?
-8
What is the value of 13 - (-1 + 4 + (11 - 15))?
14
0 + -15 + 24 + 8 + 2
19
What is 30 + -2 + -73 + 33 + 36?
24
Calculate -13 + -2 - ((56 - 30) + -35).
-6
5 + 16 + -13 + (27 - 4)
31
What is the value of -1 + (0 + -17 - -9) + 27?
18
What is -3 - (15 + 4 + -11 + -18)?
7
What is 276 + -306 - ((-1 - 12) + 3)?
-20
What is the value of (-6 + 14 - -6) + -15?
-1
Calculate -3 + (0 + -3 + -1 - (5 - 1)).
-11
What is the value of 4 + 4 - (-3 + -11 + 5 + 0)?
17
Evaluate (-18 - -45 - 14 - (10 - 1)) + -16.
-12
Calculate (1 - 16) + 94 + (-65 - 2).
12
What is 1 - (2 - -1 - -5 - -2) - -3?
-6
What is 0 + (7 - 34) + 13?
-14
What is the value of -3 + 26 + -9 + 0 + 2?
16
What is 7 + (20 + -6 - 11) + -20?
-10
0 + 4 - (1632 + -1602)
-26
What is 4 - (-22 - (3 + -22))?
7
Evaluate 15 - 32 - 16 - -27.
-6
Evaluate -5 + 5 + -7 - (-13 + 8).
-2
What is 3 + -13 + (-29 - -40)?
1
Calculate 49 - (2 + 43 + -18).
22
Evaluate 7 - (8 - (0 + -10 + 15)).
4
(-2 - 11) + 5 + 0 + 4
-4
What is the value of -3 - 3 - (0 + -10) - -4?
8
Calculate -2 + -4 + (7 - (-6 + 8)) - 0.
-1
Calculate -1 - -8 - (-5 - (9 + -10 + -31)).
-20
What is (18 - 23) + 0 + 13 - 2?
6
What is the value of -15 - (-2 - 14 - -10) - -9?
0
1 - ((5 - 2) + 8)
-10
What is the value of (4 - -1) + -16 + (32 - 27)?
-6
(-1 - 2) + -3 + (-12 - -22)
4
Calculate 10 - (-3 - (-12 - (-11 - -25))).
-13
Evaluate (-16 + 33 - -13) + -12 - 16.
2
4 + -4 + -5 - (-6 + -11 - 1)
13
What is (1 - 10 - (-6 - -7) - -36) + -2?
24
Evaluate (-7 + 22 - 15) + 8.
8
9 + (-41 - (-21 - 41))
30
What is the value of -13 - (4 - 3) - (375 + -399)?
10
Evaluate 24 + (-24 - -14) + -10.
4
Evaluate 3 + -26 + -21 + -12 + 32.
-24
What is (16 - (-5 + 58)) + 7?
-30
-20 + 5 + -3 - (5 + (-30 - -15))
-8
What is the value of (14 - -3) + 9 + -11 + -6?
9
What is 6 - (21 - (-5 - (-9 + 13 + -8)))?
-16
Calculate (3 - (23 - 1)) + (122 - 110).
-7
Evaluate (0 - 16) + 21 + -28 + 4 + 12.
-7
-40 + (10 - -17) + -1 + 5 + 2
-7
What is the value of 0 - (14 - (-14 + 44))?
16
What is the value of 0 + -20 - ((-46 - -15) + 12)?
-1
What is -10 + 4 - (-13 + (-19 - -27))?
-1
What is (10 - 32) + 6 + 8?
-8
What is (-8 - -15) + -10 + -4 + -1 + 0?
-8
Calculate 17 - ((-12 - -5 - -12) + (-1 - 0)).
13
Calculate 6 - (1 + 0) - (-83 + 77) - -7.
18
What is the value of (-2 - -10) + (6 - 28) + 2?
-12
What is the value of (4 - (-26 - -23)) + (2 - (8 + -2))?
3
What is the value of -9 + (-4 + 5 + 5 - 5)?
-8
What is 15 + (2 + 0 - 7) + 1?
11
What is the value of 19 - (24 + 38 + -35)?
-8
What is the value of 8 + 1 + -24 + 25?
10
2 - ((-15 - (-26 + 6)) + -17)
14
6 + (-15 - -3) + -2
-8
Evaluate (0 - (-23 - -8)) + -3.
12
Evaluate 1 + -2 - (-9 - (-31 + 12 + -1)).
-12
Evaluate -8 - 0 - (-56 + 36 + 6 + -2).
8
15 + (10 - (-3 - -20)) - 0
8
Evaluate 18 + (80 + -40 - 38).
20
What is the value of 8 - (-1 - (-3 + -8 + 5)) - 3?
0
What is the value of (0 - -14) + -4 + 4 + 7?
21
What is the value of -33 - ((-7 - 9) + 4 + 1 + -1)?
-21
Evaluate 9 + -1 - 24 - -24.
8
Calculate (-27 + 13 - -13) + 15.
14
(137 - 127) + (1 - 9)
2
(-3 - ((-3 - 6) + 1)) + (-3 - -21)
23
Evaluate 8 - -1 - (3 + 0 - (13 - 18)).
1
What is (9 - -109) + -107 - (6 - 1)?
6
Calculate (10 - 3) + -21 + 26.
12
1 - (-10 - (1 + -4) - -1)
7
Calculate -6 + -8 - -6 - -2 - -5.
-1
Calculate (20 - 70) + 39 - (6 + 2).
-19
What is -25 + (-9 - -17) + 34?
17
-3 + 2 - (-56 + 41 + -2 + 2)
14
(36 - 8) + -23 + 0
5
Calculate -15 - (-33 - -14) - (0 + -3).
7
Calculate 0 + 15 + -14 + 6 + (-5 - -13).
15
27 + (19 + -56 - 3)
-13
What is 1 + -6 + 1 + 35 + -36?
-5
Evaluate (-30 - -51 - (2 - 1)) + -12.
8
Evaluate -12 + -21 + (38 - -7).
12
Evaluate 13 - (-25 + 30) - (12 + 0).
-4
What is 12 + (12 - (5 - -12) - 31)?
-24
What is (-4 + -4 - -1) + 9 - (0 - -12)?
-10
Evaluate 16 + -6 + 1 + 1.
12
Evaluate 685 + -691 + 13 + (1 - 1).
7
Evaluate 18 + (90 - 119) - (-1 - (-2 + -9)).
-21
What is the value of 15 + 3 + -45 + 50?
23
Evaluate (-23 - -19) + 1 + -2.
-5
What is the value of -65 + (76 - (-5 + 37))?
-21
Calculate (4 - -1) + (-45 + 37 - (2 + -3)).
-2
Calculate 9 - (0 + 4 - (-136 - -146)).
15
-8 - 4 - (-2 + -22)
12
Evaluate (3 + -3 - 1) + (30 - 22).
7
What is -5 + (87 - 75) + (-11 - -1)?
-3
What is (2 - -3) + -1 + (34 - (-16 + 26))?
28
Calculate 5 - (6 + -1 + -1 + -11 + 11).
1
Evaluate 32 + (23 - (44 - 7)).
18
What is -1 + 16 + (-4 - 7)?
4
What is (47 - 43) + (-1 - (-3 - -2))?
4
Calculate (-1 - -12) + -21 + 6 - -11.
7
-36 - ((14 - -16) + -41)
-25
Evaluate 8 + 1 + -6 + 1 + 8 + 7.
19
Evaluate (-1 - -5 - (0 + 1)) + 4.
7
What is 5 - -2 - (-36 - -31)?
12
Calculate (-13 - (3 - 8)) + -12 + 16.
-4
Calculate -44 + -8 + 15 + -2 + 6.
-33
What is (0 - (-2 - -3)) + -9 - (87 - 88)?
-9
What is the value of 5 - (21 - (18 - -2))?
4
What is the value of 1 - (-6 + -18 + 9)?
16
Evaluate (0 - 13 - (170 - 187)) + 0 + -34.
-30
Evaluate -12 + 5 + 3 - 10.
-14
Calculate -15 - (2 + (0 - 8)) - -28 - -4.
23
Calculate 0 + 27 + -27 + -1 + 3.
2
6 + -31 + 11 + 11
-3
What is the value of 11 - (-3 + (7 - 0 - (1 - 1)))?
7
Calculate 5 + 1 - (4 + 1 - 11).
12
Calculate (0 - 13) + -2 + (5 - (2 + 8)).
-20
What is 4 + 0 - (-41 + -16 + 65)?
-4
What is the value of -98 + 95 - (-9 + 2 - 1 - 2)?
7
-27 - (-5 - (20 + -15))
-17
Evaluate 2 + -1 - -3 - (132 + (-65 - 74)).
11
Calculate (-10 - -15) + (-3 - -6) + -2 + -19.
-13
Calculate -22 + -1 - (57 - 53 - 2).
-25
What is -11 + 2 + (3 - (-1 + -2 + 12))?
-15
-206 - -168 - (-1 + -32)
-5
Calculate (32 - (44 + -28)) + -17.
-1
What is 1 + -13 - (2 - (6 - (1 - 0)))?
-9
What is the value of (12 - 1) + 63 + -114 - -8?
-32
Calculate 2 + -17 + (-98 - -107).
-6
Calculate 11 - (18 - 7) - -4 - (-2 - 1).
7
Evaluate (16 - (-15 + 23)) + (-11 - 1).
-4
Evaluate -2 + 1 - 2 - (38 - (-12 - -41)).
-12
Evaluate 0 - 13 - (9 + -26 - -20).
-16
38 - (-4 - (1 - (-5 + 5) - 13))
30
What is (0 - -18) + 2 + -9?
11
What is 30 + -11 + -10 + -44 - 1?
-36
Evaluate 5 + (-2 - (3 + -5)) + -4 + 12.
13
What is the value of (-23 - -16) + -7 + -6?
-20
What is (6 - (-3 + 12)) + 5?
2
What is the v